{"id":380,"date":"2024-09-20T04:09:51","date_gmt":"2024-09-20T04:09:51","guid":{"rendered":"https:\/\/www.sabordeminas.ga\/cardapio\/?page_id=380"},"modified":"2025-02-06T22:33:00","modified_gmt":"2025-02-06T22:33:00","slug":"nosso-hotel","status":"publish","type":"page","link":"https:\/\/www.sabordeminas.ga\/cardapio\/nosso-hotel\/","title":{"rendered":"Nosso Hotel"},"content":{"rendered":"\t\t<div data-elementor-type=\"wp-page\" data-elementor-id=\"380\" class=\"elementor elementor-380\" data-elementor-post-type=\"page\">\n\t\t\t\t<div class=\"elementor-element elementor-element-ed9dd61 e-flex e-con-boxed e-con e-parent\" data-id=\"ed9dd61\" data-element_type=\"container\">\n\t\t\t\t\t<div class=\"e-con-inner\">\n\t\t\t\t<div class=\"elementor-element elementor-element-29d899e elementor-widget elementor-widget-heading\" data-id=\"29d899e\" data-element_type=\"widget\" data-widget_type=\"heading.default\">\n\t\t\t\t<div class=\"elementor-widget-container\">\n\t\t\t\t\t<h2 class=\"elementor-heading-title elementor-size-default\">Nossos Quartos<\/h2>\t\t\t\t<\/div>\n\t\t\t\t<\/div>\n\t\t\t\t<div class=\"elementor-element elementor-element-7b6ff52 elementor-widget elementor-widget-jet-listing-grid\" data-id=\"7b6ff52\" data-element_type=\"widget\" data-settings=\"{&quot;columns&quot;:3,&quot;columns_mobile&quot;:&quot;1&quot;}\" data-widget_type=\"jet-listing-grid.default\">\n\t\t\t\t<div class=\"elementor-widget-container\">\n\t\t\t\t\t<div class=\"jet-listing-grid jet-listing-grid--lazy-load jet-listing jet-listing-grid-loading\" data-lazy-load=\"{&quot;offset&quot;:&quot;0px&quot;,&quot;post_id&quot;:380,&quot;queried_id&quot;:&quot;380|WP_Post&quot;}\"><div class=\"jet-listing-grid__loader\"><div class=\"jet-listing-grid__loader-spinner\"><\/div><\/div><\/div>\t\t\t\t<\/div>\n\t\t\t\t<\/div>\n\t\t\t\t<div class=\"elementor-element elementor-element-34d33f8 elementor-alert-success elementor-widget elementor-widget-alert\" data-id=\"34d33f8\" data-element_type=\"widget\" data-widget_type=\"alert.default\">\n\t\t\t\t<div class=\"elementor-widget-container\">\n\t\t\t\t\t\t\t<div class=\"elementor-alert\" role=\"alert\">\n\n\t\t\t\t\t\t<span class=\"elementor-alert-title\">Aceitamos Pet<\/span>\n\t\t\t\n\t\t\t\t\t\t<span class=\"elementor-alert-description\">Adoramos receber seu pet! H\u00e1 uma taxa adicional de R$ 60,00 para acomod\u00e1-los, e eles s\u00e3o bem-vindos nos apartamentos com beliches. Assim, garantimos o conforto de todos os nossos h\u00f3spedes, incluindo os de quatro patas.<\/span>\n\t\t\t\n\t\t\t\t\t\t<button type=\"button\" class=\"elementor-alert-dismiss\" aria-label=\"Dismiss this alert.\">\n\t\t\t\t<svg aria-hidden=\"true\" class=\"e-font-icon-svg e-fas-paw\" viewBox=\"0 0 512 512\" xmlns=\"http:\/\/www.w3.org\/2000\/svg\"><path d=\"M256 224c-79.41 0-192 122.76-192 200.25 0 34.9 26.81 55.75 71.74 55.75 48.84 0 81.09-25.08 120.26-25.08 39.51 0 71.85 25.08 120.26 25.08 44.93 0 71.74-20.85 71.74-55.75C448 346.76 335.41 224 256 224zm-147.28-12.61c-10.4-34.65-42.44-57.09-71.56-50.13-29.12 6.96-44.29 40.69-33.89 75.34 10.4 34.65 42.44 57.09 71.56 50.13 29.12-6.96 44.29-40.69 33.89-75.34zm84.72-20.78c30.94-8.14 46.42-49.94 34.58-93.36s-46.52-72.01-77.46-63.87-46.42 49.94-34.58 93.36c11.84 43.42 46.53 72.02 77.46 63.87zm281.39-29.34c-29.12-6.96-61.15 15.48-71.56 50.13-10.4 34.65 4.77 68.38 33.89 75.34 29.12 6.96 61.15-15.48 71.56-50.13 10.4-34.65-4.77-68.38-33.89-75.34zm-156.27 29.34c30.94 8.14 65.62-20.45 77.46-63.87 11.84-43.42-3.64-85.21-34.58-93.36s-65.62 20.45-77.46 63.87c-11.84 43.42 3.64 85.22 34.58 93.36z\"><\/path><\/svg>\t\t\t<\/button>\n\t\t\t\n\t\t<\/div>\n\t\t\t\t\t\t<\/div>\n\t\t\t\t<\/div>\n\t\t\t\t\t<\/div>\n\t\t\t\t<\/div>\n\t\t<div class=\"elementor-element elementor-element-a18eecb e-flex e-con-boxed e-con e-parent\" data-id=\"a18eecb\" data-element_type=\"container\">\n\t\t\t\t\t<div class=\"e-con-inner\">\n\t\t\t\t<div class=\"elementor-element elementor-element-59ec260 elementor-widget elementor-widget-heading\" data-id=\"59ec260\" data-element_type=\"widget\" data-widget_type=\"heading.default\">\n\t\t\t\t<div class=\"elementor-widget-container\">\n\t\t\t\t\t<h2 class=\"elementor-heading-title elementor-size-default\">Hotel  Sabor de Minas<\/h2>\t\t\t\t<\/div>\n\t\t\t\t<\/div>\n\t\t\t\t<div class=\"elementor-element elementor-element-5615ef3 elementor-widget elementor-widget-jet-listing-grid\" data-id=\"5615ef3\" data-element_type=\"widget\" data-settings=\"{&quot;columns&quot;:&quot;1&quot;}\" data-widget_type=\"jet-listing-grid.default\">\n\t\t\t\t<div class=\"elementor-widget-container\">\n\t\t\t\t\t<div class=\"jet-listing-grid jet-listing\"><div class=\"jet-listing-grid__items grid-col-desk-1 grid-col-tablet-1 grid-col-mobile-1 jet-listing-grid--1199\" data-queried-id=\"380|WP_Post\" data-nav=\"{&quot;enabled&quot;:false,&quot;type&quot;:null,&quot;more_el&quot;:null,&quot;query&quot;:[],&quot;widget_settings&quot;:{&quot;lisitng_id&quot;:1199,&quot;posts_num&quot;:6,&quot;columns&quot;:1,&quot;columns_tablet&quot;:1,&quot;columns_mobile&quot;:1,&quot;is_archive_template&quot;:&quot;&quot;,&quot;post_status&quot;:[&quot;publish&quot;],&quot;use_random_posts_num&quot;:&quot;&quot;,&quot;max_posts_num&quot;:9,&quot;not_found_message&quot;:&quot;No data was found&quot;,&quot;is_masonry&quot;:false,&quot;equal_columns_height&quot;:&quot;&quot;,&quot;use_load_more&quot;:&quot;&quot;,&quot;load_more_id&quot;:&quot;&quot;,&quot;load_more_type&quot;:&quot;click&quot;,&quot;load_more_offset&quot;:{&quot;unit&quot;:&quot;px&quot;,&quot;size&quot;:0,&quot;sizes&quot;:[]},&quot;use_custom_post_types&quot;:&quot;&quot;,&quot;custom_post_types&quot;:[],&quot;hide_widget_if&quot;:&quot;&quot;,&quot;carousel_enabled&quot;:&quot;&quot;,&quot;slides_to_scroll&quot;:&quot;1&quot;,&quot;arrows&quot;:&quot;true&quot;,&quot;arrow_icon&quot;:&quot;fa fa-angle-left&quot;,&quot;dots&quot;:&quot;&quot;,&quot;autoplay&quot;:&quot;true&quot;,&quot;pause_on_hover&quot;:&quot;true&quot;,&quot;autoplay_speed&quot;:5000,&quot;infinite&quot;:&quot;true&quot;,&quot;center_mode&quot;:&quot;&quot;,&quot;effect&quot;:&quot;slide&quot;,&quot;speed&quot;:500,&quot;inject_alternative_items&quot;:&quot;&quot;,&quot;injection_items&quot;:[],&quot;scroll_slider_enabled&quot;:&quot;&quot;,&quot;scroll_slider_on&quot;:[&quot;desktop&quot;,&quot;tablet&quot;,&quot;mobile&quot;],&quot;custom_query&quot;:false,&quot;custom_query_id&quot;:&quot;&quot;,&quot;_element_id&quot;:&quot;&quot;}}\" data-page=\"1\" data-pages=\"1\" data-listing-source=\"posts\" data-listing-id=\"1199\" data-query-id=\"\"><div class=\"jet-listing-grid__item jet-listing-dynamic-post-1192\" data-post-id=\"1192\" >\t\t<div data-elementor-type=\"jet-listing-items\" data-elementor-id=\"1199\" class=\"elementor elementor-1199\" data-elementor-post-type=\"jet-engine\">\n\t\t\t\t<div class=\"elementor-element elementor-element-52c6c69 e-flex e-con-boxed e-con e-parent\" data-id=\"52c6c69\" data-element_type=\"container\">\n\t\t\t\t\t<div class=\"e-con-inner\">\n\t\t\t\t<div class=\"elementor-element elementor-element-3e673a7 elementor-widget elementor-widget-gallery\" data-id=\"3e673a7\" data-element_type=\"widget\" data-settings=\"{&quot;columns&quot;:3,&quot;lazyload&quot;:&quot;yes&quot;,&quot;gallery_layout&quot;:&quot;grid&quot;,&quot;columns_tablet&quot;:2,&quot;columns_mobile&quot;:1,&quot;gap&quot;:{&quot;unit&quot;:&quot;px&quot;,&quot;size&quot;:10,&quot;sizes&quot;:[]},&quot;gap_tablet&quot;:{&quot;unit&quot;:&quot;px&quot;,&quot;size&quot;:10,&quot;sizes&quot;:[]},&quot;gap_mobile&quot;:{&quot;unit&quot;:&quot;px&quot;,&quot;size&quot;:10,&quot;sizes&quot;:[]},&quot;link_to&quot;:&quot;file&quot;,&quot;aspect_ratio&quot;:&quot;3:2&quot;,&quot;overlay_background&quot;:&quot;yes&quot;,&quot;content_hover_animation&quot;:&quot;fade-in&quot;}\" data-widget_type=\"gallery.default\">\n\t\t\t\t<div class=\"elementor-widget-container\">\n\t\t\t\t\t\t\t<div class=\"elementor-gallery__container\">\n\t\t\t\t\t\t\t<a class=\"e-gallery-item elementor-gallery-item elementor-animated-content\" href=\"https:\/\/www.sabordeminas.ga\/cardapio\/wp-content\/uploads\/2024\/09\/05hotel.jpg\" data-elementor-open-lightbox=\"yes\" data-elementor-lightbox-slideshow=\"3e673a7\" data-elementor-lightbox-title=\"05hotel\" data-e-action-hash=\"#elementor-action%3Aaction%3Dlightbox%26settings%3DeyJpZCI6NDEwLCJ1cmwiOiJodHRwczpcL1wvd3d3LnNhYm9yZGVtaW5hcy5nYVwvY2FyZGFwaW9cL3dwLWNvbnRlbnRcL3VwbG9hZHNcLzIwMjRcLzA5XC8wNWhvdGVsLmpwZyIsInNsaWRlc2hvdyI6IjNlNjczYTcifQ%3D%3D\">\n\t\t\t\t\t<div class=\"e-gallery-image elementor-gallery-item__image\" data-thumbnail=\"https:\/\/www.sabordeminas.ga\/cardapio\/wp-content\/uploads\/2024\/09\/05hotel-300x200.jpg\" data-width=\"300\" data-height=\"200\" aria-label=\"\" role=\"img\" ><\/div>\n\t\t\t\t\t\t\t\t\t\t\t<div class=\"elementor-gallery-item__overlay\"><\/div>\n\t\t\t\t\t\t\t\t\t\t\t\t\t\t<\/a>\n\t\t\t\t\t\t\t<a class=\"e-gallery-item elementor-gallery-item elementor-animated-content\" href=\"https:\/\/www.sabordeminas.ga\/cardapio\/wp-content\/uploads\/2024\/09\/04hotel.jpg\" data-elementor-open-lightbox=\"yes\" data-elementor-lightbox-slideshow=\"3e673a7\" data-elementor-lightbox-title=\"04hotel\" data-e-action-hash=\"#elementor-action%3Aaction%3Dlightbox%26settings%3DeyJpZCI6NDExLCJ1cmwiOiJodHRwczpcL1wvd3d3LnNhYm9yZGVtaW5hcy5nYVwvY2FyZGFwaW9cL3dwLWNvbnRlbnRcL3VwbG9hZHNcLzIwMjRcLzA5XC8wNGhvdGVsLmpwZyIsInNsaWRlc2hvdyI6IjNlNjczYTcifQ%3D%3D\">\n\t\t\t\t\t<div class=\"e-gallery-image elementor-gallery-item__image\" data-thumbnail=\"https:\/\/www.sabordeminas.ga\/cardapio\/wp-content\/uploads\/2024\/09\/04hotel-300x200.jpg\" data-width=\"300\" data-height=\"200\" aria-label=\"\" role=\"img\" ><\/div>\n\t\t\t\t\t\t\t\t\t\t\t<div class=\"elementor-gallery-item__overlay\"><\/div>\n\t\t\t\t\t\t\t\t\t\t\t\t\t\t<\/a>\n\t\t\t\t\t\t\t<a class=\"e-gallery-item elementor-gallery-item elementor-animated-content\" href=\"https:\/\/www.sabordeminas.ga\/cardapio\/wp-content\/uploads\/2024\/09\/03hotel.jpg\" data-elementor-open-lightbox=\"yes\" data-elementor-lightbox-slideshow=\"3e673a7\" data-elementor-lightbox-title=\"03hotel\" data-e-action-hash=\"#elementor-action%3Aaction%3Dlightbox%26settings%3DeyJpZCI6NDEyLCJ1cmwiOiJodHRwczpcL1wvd3d3LnNhYm9yZGVtaW5hcy5nYVwvY2FyZGFwaW9cL3dwLWNvbnRlbnRcL3VwbG9hZHNcLzIwMjRcLzA5XC8wM2hvdGVsLmpwZyIsInNsaWRlc2hvdyI6IjNlNjczYTcifQ%3D%3D\">\n\t\t\t\t\t<div class=\"e-gallery-image elementor-gallery-item__image\" data-thumbnail=\"https:\/\/www.sabordeminas.ga\/cardapio\/wp-content\/uploads\/2024\/09\/03hotel-300x225.jpg\" data-width=\"300\" data-height=\"225\" aria-label=\"\" role=\"img\" ><\/div>\n\t\t\t\t\t\t\t\t\t\t\t<div class=\"elementor-gallery-item__overlay\"><\/div>\n\t\t\t\t\t\t\t\t\t\t\t\t\t\t<\/a>\n\t\t\t\t\t\t\t<a class=\"e-gallery-item elementor-gallery-item elementor-animated-content\" href=\"https:\/\/www.sabordeminas.ga\/cardapio\/wp-content\/uploads\/2024\/09\/02hotel.jpg\" data-elementor-open-lightbox=\"yes\" data-elementor-lightbox-slideshow=\"3e673a7\" data-elementor-lightbox-title=\"02hotel\" data-e-action-hash=\"#elementor-action%3Aaction%3Dlightbox%26settings%3DeyJpZCI6NDEzLCJ1cmwiOiJodHRwczpcL1wvd3d3LnNhYm9yZGVtaW5hcy5nYVwvY2FyZGFwaW9cL3dwLWNvbnRlbnRcL3VwbG9hZHNcLzIwMjRcLzA5XC8wMmhvdGVsLmpwZyIsInNsaWRlc2hvdyI6IjNlNjczYTcifQ%3D%3D\">\n\t\t\t\t\t<div class=\"e-gallery-image elementor-gallery-item__image\" data-thumbnail=\"https:\/\/www.sabordeminas.ga\/cardapio\/wp-content\/uploads\/2024\/09\/02hotel.jpg\" data-width=\"200\" data-height=\"200\" aria-label=\"\" role=\"img\" ><\/div>\n\t\t\t\t\t\t\t\t\t\t\t<div class=\"elementor-gallery-item__overlay\"><\/div>\n\t\t\t\t\t\t\t\t\t\t\t\t\t\t<\/a>\n\t\t\t\t\t\t\t<a class=\"e-gallery-item elementor-gallery-item elementor-animated-content\" href=\"https:\/\/www.sabordeminas.ga\/cardapio\/wp-content\/uploads\/2024\/09\/01.jpg\" data-elementor-open-lightbox=\"yes\" data-elementor-lightbox-slideshow=\"3e673a7\" data-elementor-lightbox-title=\"01\" data-e-action-hash=\"#elementor-action%3Aaction%3Dlightbox%26settings%3DeyJpZCI6NDE0LCJ1cmwiOiJodHRwczpcL1wvd3d3LnNhYm9yZGVtaW5hcy5nYVwvY2FyZGFwaW9cL3dwLWNvbnRlbnRcL3VwbG9hZHNcLzIwMjRcLzA5XC8wMS5qcGciLCJzbGlkZXNob3ciOiIzZTY3M2E3In0%3D\">\n\t\t\t\t\t<div class=\"e-gallery-image elementor-gallery-item__image\" data-thumbnail=\"https:\/\/www.sabordeminas.ga\/cardapio\/wp-content\/uploads\/2024\/09\/01-300x225.jpg\" data-width=\"300\" data-height=\"225\" aria-label=\"\" role=\"img\" ><\/div>\n\t\t\t\t\t\t\t\t\t\t\t<div class=\"elementor-gallery-item__overlay\"><\/div>\n\t\t\t\t\t\t\t\t\t\t\t\t\t\t<\/a>\n\t\t\t\t\t<\/div>\n\t\t\t\t\t<\/div>\n\t\t\t\t<\/div>\n\t\t\t\t\t<\/div>\n\t\t\t\t<\/div>\n\t\t\t\t<\/div>\n\t\t<\/div><\/div><\/div>\t\t\t\t<\/div>\n\t\t\t\t<\/div>\n\t\t\t\t\t<\/div>\n\t\t\t\t<\/div>\n\t\t\t\t<\/div>\n\t\t","protected":false},"excerpt":{"rendered":"<p>Nossos Quartos Aceitamos Pet Adoramos receber seu pet! H\u00e1 uma taxa adicional de R$ 60,00 para acomod\u00e1-los, e eles s\u00e3o bem-vindos nos apartamentos com beliches. Assim, garantimos o conforto de todos os nossos h\u00f3spedes, incluindo os de quatro patas. Dismiss this alert. Hotel Sabor de Minas<\/p>\n","protected":false},"author":1,"featured_media":0,"parent":0,"menu_order":0,"comment_status":"closed","ping_status":"closed","template":"","meta":{"footnotes":""},"class_list":["post-380","page","type-page","status-publish","hentry"],"yoast_head":"<!-- This site is optimized with the Yoast SEO plugin v26.3 - https:\/\/yoast.com\/wordpress\/plugins\/seo\/ -->\n<title>Nosso Hotel - Sabor de Minas<\/title>\n<meta name=\"robots\" content=\"index, follow, max-snippet:-1, max-image-preview:large, max-video-preview:-1\" \/>\n<link rel=\"canonical\" href=\"https:\/\/www.sabordeminas.ga\/cardapio\/nosso-hotel\/\" \/>\n<meta property=\"og:locale\" content=\"pt_PT\" \/>\n<meta property=\"og:type\" content=\"article\" \/>\n<meta property=\"og:title\" content=\"Nosso Hotel - Sabor de Minas\" \/>\n<meta property=\"og:description\" content=\"Nossos Quartos Aceitamos Pet Adoramos receber seu pet! H\u00e1 uma taxa adicional de R$ 60,00 para acomod\u00e1-los, e eles s\u00e3o bem-vindos nos apartamentos com beliches. Assim, garantimos o conforto de todos os nossos h\u00f3spedes, incluindo os de quatro patas. Dismiss this alert. Hotel Sabor de Minas\" \/>\n<meta property=\"og:url\" content=\"https:\/\/www.sabordeminas.ga\/cardapio\/nosso-hotel\/\" \/>\n<meta property=\"og:site_name\" content=\"Sabor de Minas\" \/>\n<meta property=\"article:modified_time\" content=\"2025-02-06T22:33:00+00:00\" \/>\n<meta name=\"twitter:card\" content=\"summary_large_image\" \/>\n<script type=\"application\/ld+json\" class=\"yoast-schema-graph\">{\"@context\":\"https:\/\/schema.org\",\"@graph\":[{\"@type\":\"WebPage\",\"@id\":\"https:\/\/www.sabordeminas.ga\/cardapio\/nosso-hotel\/\",\"url\":\"https:\/\/www.sabordeminas.ga\/cardapio\/nosso-hotel\/\",\"name\":\"Nosso Hotel - Sabor de Minas\",\"isPartOf\":{\"@id\":\"https:\/\/www.sabordeminas.ga\/cardapio\/#website\"},\"datePublished\":\"2024-09-20T04:09:51+00:00\",\"dateModified\":\"2025-02-06T22:33:00+00:00\",\"breadcrumb\":{\"@id\":\"https:\/\/www.sabordeminas.ga\/cardapio\/nosso-hotel\/#breadcrumb\"},\"inLanguage\":\"pt-PT\",\"potentialAction\":[{\"@type\":\"ReadAction\",\"target\":[\"https:\/\/www.sabordeminas.ga\/cardapio\/nosso-hotel\/\"]}]},{\"@type\":\"BreadcrumbList\",\"@id\":\"https:\/\/www.sabordeminas.ga\/cardapio\/nosso-hotel\/#breadcrumb\",\"itemListElement\":[{\"@type\":\"ListItem\",\"position\":1,\"name\":\"In\u00edcio\",\"item\":\"https:\/\/www.sabordeminas.ga\/cardapio\/\"},{\"@type\":\"ListItem\",\"position\":2,\"name\":\"Nosso Hotel\"}]},{\"@type\":\"WebSite\",\"@id\":\"https:\/\/www.sabordeminas.ga\/cardapio\/#website\",\"url\":\"https:\/\/www.sabordeminas.ga\/cardapio\/\",\"name\":\"Sabor de Minas\",\"description\":\"Hotel e Restaurante e Cacha\u00e7aria\",\"publisher\":{\"@id\":\"https:\/\/www.sabordeminas.ga\/cardapio\/#organization\"},\"potentialAction\":[{\"@type\":\"SearchAction\",\"target\":{\"@type\":\"EntryPoint\",\"urlTemplate\":\"https:\/\/www.sabordeminas.ga\/cardapio\/?s={search_term_string}\"},\"query-input\":{\"@type\":\"PropertyValueSpecification\",\"valueRequired\":true,\"valueName\":\"search_term_string\"}}],\"inLanguage\":\"pt-PT\"},{\"@type\":\"Organization\",\"@id\":\"https:\/\/www.sabordeminas.ga\/cardapio\/#organization\",\"name\":\"Sabor de Minas\",\"url\":\"https:\/\/www.sabordeminas.ga\/cardapio\/\",\"logo\":{\"@type\":\"ImageObject\",\"inLanguage\":\"pt-PT\",\"@id\":\"https:\/\/www.sabordeminas.ga\/cardapio\/#\/schema\/logo\/image\/\",\"url\":\"https:\/\/www.sabordeminas.ga\/cardapio\/wp-content\/uploads\/2024\/09\/logo_sabor_deminas-removebg-preview.png\",\"contentUrl\":\"https:\/\/www.sabordeminas.ga\/cardapio\/wp-content\/uploads\/2024\/09\/logo_sabor_deminas-removebg-preview.png\",\"width\":500,\"height\":500,\"caption\":\"Sabor de Minas\"},\"image\":{\"@id\":\"https:\/\/www.sabordeminas.ga\/cardapio\/#\/schema\/logo\/image\/\"}}]}<\/script>\n<!-- \/ Yoast SEO plugin. -->","yoast_head_json":{"title":"Nosso Hotel - Sabor de Minas","robots":{"index":"index","follow":"follow","max-snippet":"max-snippet:-1","max-image-preview":"max-image-preview:large","max-video-preview":"max-video-preview:-1"},"canonical":"https:\/\/www.sabordeminas.ga\/cardapio\/nosso-hotel\/","og_locale":"pt_PT","og_type":"article","og_title":"Nosso Hotel - Sabor de Minas","og_description":"Nossos Quartos Aceitamos Pet Adoramos receber seu pet! H\u00e1 uma taxa adicional de R$ 60,00 para acomod\u00e1-los, e eles s\u00e3o bem-vindos nos apartamentos com beliches. Assim, garantimos o conforto de todos os nossos h\u00f3spedes, incluindo os de quatro patas. Dismiss this alert. Hotel Sabor de Minas","og_url":"https:\/\/www.sabordeminas.ga\/cardapio\/nosso-hotel\/","og_site_name":"Sabor de Minas","article_modified_time":"2025-02-06T22:33:00+00:00","twitter_card":"summary_large_image","schema":{"@context":"https:\/\/schema.org","@graph":[{"@type":"WebPage","@id":"https:\/\/www.sabordeminas.ga\/cardapio\/nosso-hotel\/","url":"https:\/\/www.sabordeminas.ga\/cardapio\/nosso-hotel\/","name":"Nosso Hotel - Sabor de Minas","isPartOf":{"@id":"https:\/\/www.sabordeminas.ga\/cardapio\/#website"},"datePublished":"2024-09-20T04:09:51+00:00","dateModified":"2025-02-06T22:33:00+00:00","breadcrumb":{"@id":"https:\/\/www.sabordeminas.ga\/cardapio\/nosso-hotel\/#breadcrumb"},"inLanguage":"pt-PT","potentialAction":[{"@type":"ReadAction","target":["https:\/\/www.sabordeminas.ga\/cardapio\/nosso-hotel\/"]}]},{"@type":"BreadcrumbList","@id":"https:\/\/www.sabordeminas.ga\/cardapio\/nosso-hotel\/#breadcrumb","itemListElement":[{"@type":"ListItem","position":1,"name":"In\u00edcio","item":"https:\/\/www.sabordeminas.ga\/cardapio\/"},{"@type":"ListItem","position":2,"name":"Nosso Hotel"}]},{"@type":"WebSite","@id":"https:\/\/www.sabordeminas.ga\/cardapio\/#website","url":"https:\/\/www.sabordeminas.ga\/cardapio\/","name":"Sabor de Minas","description":"Hotel e Restaurante e Cacha\u00e7aria","publisher":{"@id":"https:\/\/www.sabordeminas.ga\/cardapio\/#organization"},"potentialAction":[{"@type":"SearchAction","target":{"@type":"EntryPoint","urlTemplate":"https:\/\/www.sabordeminas.ga\/cardapio\/?s={search_term_string}"},"query-input":{"@type":"PropertyValueSpecification","valueRequired":true,"valueName":"search_term_string"}}],"inLanguage":"pt-PT"},{"@type":"Organization","@id":"https:\/\/www.sabordeminas.ga\/cardapio\/#organization","name":"Sabor de Minas","url":"https:\/\/www.sabordeminas.ga\/cardapio\/","logo":{"@type":"ImageObject","inLanguage":"pt-PT","@id":"https:\/\/www.sabordeminas.ga\/cardapio\/#\/schema\/logo\/image\/","url":"https:\/\/www.sabordeminas.ga\/cardapio\/wp-content\/uploads\/2024\/09\/logo_sabor_deminas-removebg-preview.png","contentUrl":"https:\/\/www.sabordeminas.ga\/cardapio\/wp-content\/uploads\/2024\/09\/logo_sabor_deminas-removebg-preview.png","width":500,"height":500,"caption":"Sabor de Minas"},"image":{"@id":"https:\/\/www.sabordeminas.ga\/cardapio\/#\/schema\/logo\/image\/"}}]}},"_links":{"self":[{"href":"https:\/\/www.sabordeminas.ga\/cardapio\/wp-json\/wp\/v2\/pages\/380","targetHints":{"allow":["GET"]}}],"collection":[{"href":"https:\/\/www.sabordeminas.ga\/cardapio\/wp-json\/wp\/v2\/pages"}],"about":[{"href":"https:\/\/www.sabordeminas.ga\/cardapio\/wp-json\/wp\/v2\/types\/page"}],"author":[{"embeddable":true,"href":"https:\/\/www.sabordeminas.ga\/cardapio\/wp-json\/wp\/v2\/users\/1"}],"replies":[{"embeddable":true,"href":"https:\/\/www.sabordeminas.ga\/cardapio\/wp-json\/wp\/v2\/comments?post=380"}],"version-history":[{"count":37,"href":"https:\/\/www.sabordeminas.ga\/cardapio\/wp-json\/wp\/v2\/pages\/380\/revisions"}],"predecessor-version":[{"id":1205,"href":"https:\/\/www.sabordeminas.ga\/cardapio\/wp-json\/wp\/v2\/pages\/380\/revisions\/1205"}],"wp:attachment":[{"href":"https:\/\/www.sabordeminas.ga\/cardapio\/wp-json\/wp\/v2\/media?parent=380"}],"curies":[{"name":"wp","href":"https:\/\/api.w.org\/{rel}","templated":true}]}}